{"id":10,"date":"2021-01-15T14:22:22","date_gmt":"2021-01-15T14:22:22","guid":{"rendered":"https:\/\/kinderkrippe-knoblauchsland.de\/?page_id=10"},"modified":"2021-01-28T19:27:45","modified_gmt":"2021-01-28T19:27:45","slug":"kiga","status":"publish","type":"page","link":"https:\/\/kinderkrippe-knoblauchsland.de\/index.php\/ueber-uns\/kiga\/","title":{"rendered":"Kindergarten"},"content":{"rendered":"<p>Der Kindergarten, wurde auf vielfachen Wunsch, nachtr\u00e4glich, in ausbauf\u00e4higen R\u00e4umlichkeiten des Geb\u00e4udes geschaffen und befindet sich im ersten Stock des Geb\u00e4udes, mit einem separaten Eingang.<\/p>\n<p>Er bietet Platz f\u00fcr 25 Kinder, die von 2 Erzieherinnen und 1-2 Praktikanten betreut werden.<\/p>\n<p><img decoding=\"async\" width=\"525\" height=\"350\" src=\"https:\/\/kinderkrippe-knoblauchsland.de\/wp-content\/uploads\/2021\/01\/Krippe-Kiga-1.png\" alt=\"\" loading=\"lazy\" srcset=\"https:\/\/kinderkrippe-knoblauchsland.de\/wp-content\/uploads\/2021\/01\/Krippe-Kiga-1.png 528w, https:\/\/kinderkrippe-knoblauchsland.de\/wp-content\/uploads\/2021\/01\/Krippe-Kiga-1-300x200.png 300w\" sizes=\"auto, (max-width: 525px) 100vw, 525px\"><br \/>\n<img decoding=\"async\" width=\"525\" height=\"350\" src=\"https:\/\/kinderkrippe-knoblauchsland.de\/wp-content\/uploads\/2021\/01\/Krippe-Kiga-2.png\" alt=\"\" loading=\"lazy\" srcset=\"https:\/\/kinderkrippe-knoblauchsland.de\/wp-content\/uploads\/2021\/01\/Krippe-Kiga-2.png 528w, https:\/\/kinderkrippe-knoblauchsland.de\/wp-content\/uploads\/2021\/01\/Krippe-Kiga-2-300x200.png 300w\" sizes=\"auto, (max-width: 525px) 100vw, 525px\"><\/p>\n<p>Er verf\u00fcgt \u00fcber einen gro\u00dfen Gruppenraum, in welchem gemeinsame Aktivit\u00e4ten, wie Morgenkreise, Mahlzeiten und Freispiel stattfindet, als auch zwei weitere Nebenr\u00e4ume.<\/p>\n<p>Diese sind in ihrer Funktion entsprechend den Interessen der Kinder, wandelbar, z.B. in Bewegungsraum, Bauzimmer etc.&nbsp;<\/p>\n<p>Der Kindergarten, hat einen eigenen Garten, der dem Alter und Bed\u00fcrfnissen der 3-6 j\u00e4hrigen Kinder angepasst ist.<\/p>\n","protected":false},"excerpt":{"rendered":"<p>Der Kindergarten, wurde auf vielfachen Wunsch, nachtr\u00e4glich, in ausbauf\u00e4higen R\u00e4umlichkeiten des Geb\u00e4udes geschaffen und befindet sich im ersten Stock des Geb\u00e4udes, mit einem separaten Eingang.&hellip;<\/p>\n","protected":false},"author":1,"featured_media":0,"parent":7,"menu_order":4,"comment_status":"closed","ping_status":"closed","template":"","meta":{"footnotes":""},"class_list":["post-10","page","type-page","status-publish","hentry"],"_links":{"self":[{"href":"https:\/\/kinderkrippe-knoblauchsland.de\/index.php\/wp-json\/wp\/v2\/pages\/10","targetHints":{"allow":["GET"]}}],"collection":[{"href":"https:\/\/kinderkrippe-knoblauchsland.de\/index.php\/wp-json\/wp\/v2\/pages"}],"about":[{"href":"https:\/\/kinderkrippe-knoblauchsland.de\/index.php\/wp-json\/wp\/v2\/types\/page"}],"author":[{"embeddable":true,"href":"https:\/\/kinderkrippe-knoblauchsland.de\/index.php\/wp-json\/wp\/v2\/users\/1"}],"replies":[{"embeddable":true,"href":"https:\/\/kinderkrippe-knoblauchsland.de\/index.php\/wp-json\/wp\/v2\/comments?post=10"}],"version-history":[{"count":14,"href":"https:\/\/kinderkrippe-knoblauchsland.de\/index.php\/wp-json\/wp\/v2\/pages\/10\/revisions"}],"predecessor-version":[{"id":669,"href":"https:\/\/kinderkrippe-knoblauchsland.de\/index.php\/wp-json\/wp\/v2\/pages\/10\/revisions\/669"}],"up":[{"embeddable":true,"href":"https:\/\/kinderkrippe-knoblauchsland.de\/index.php\/wp-json\/wp\/v2\/pages\/7"}],"wp:attachment":[{"href":"https:\/\/kinderkrippe-knoblauchsland.de\/index.php\/wp-json\/wp\/v2\/media?parent=10"}],"curies":[{"name":"wp","href":"https:\/\/api.w.org\/{rel}","templated":true}]}}