{"id":361,"date":"2021-01-24T17:46:20","date_gmt":"2021-01-24T17:46:20","guid":{"rendered":"https:\/\/kinderkrippe-knoblauchsland.de\/?page_id=361"},"modified":"2021-01-31T11:55:05","modified_gmt":"2021-01-31T11:55:05","slug":"sv-fuerth-poppenreuth","status":"publish","type":"page","link":"https:\/\/kinderkrippe-knoblauchsland.de\/index.php\/paedagogik\/sv-fuerth-poppenreuth\/","title":{"rendered":"SV F\u00fcrth-Poppenreuth"},"content":{"rendered":"<p>Wir befinden uns in Miete im Geb\u00e4ude des SV F\u00fcrth-Poppenreuth e.V., mit dem wir in enger Kooperation stehen.\u00a0<\/p>\n<p>Durch die Mitgliedschaft im Verein (ist im Betreuungsbetrag enthalten) steht allen Kindern die Nutzung der Turnhalle, Sportger\u00e4te und des Sportplatzes im Rahmen der Krippen- und Kindergartenbetreuung zur Verf\u00fcgung.<\/p>\n<p><a href=\"https:\/\/sportverein-poppenreuth.de\/\" target=\"_blank\" rel=\"noopener\">Hier geht es zum SV F\u00fcrth-Poppenreuth e.V&#8230;&#8230;<\/a><\/p>\n<p>\t\t\t\t\t\t\t\t\t\t<img decoding=\"async\" width=\"525\" height=\"394\" src=\"https:\/\/kinderkrippe-knoblauchsland.de\/wp-content\/uploads\/2021\/01\/3.3-Sportverein-2.jpg\" alt=\"\" loading=\"lazy\" srcset=\"https:\/\/kinderkrippe-knoblauchsland.de\/wp-content\/uploads\/2021\/01\/3.3-Sportverein-2.jpg 667w, https:\/\/kinderkrippe-knoblauchsland.de\/wp-content\/uploads\/2021\/01\/3.3-Sportverein-2-300x225.jpg 300w\" sizes=\"auto, (max-width: 525px) 100vw, 525px\" \/><br \/>\n\t\t\t\t\t\t\t\t\t\t<img decoding=\"async\" width=\"525\" height=\"350\" src=\"https:\/\/kinderkrippe-knoblauchsland.de\/wp-content\/uploads\/2021\/01\/3.3-Sportverein-1.jpg\" alt=\"\" loading=\"lazy\" srcset=\"https:\/\/kinderkrippe-knoblauchsland.de\/wp-content\/uploads\/2021\/01\/3.3-Sportverein-1.jpg 751w, https:\/\/kinderkrippe-knoblauchsland.de\/wp-content\/uploads\/2021\/01\/3.3-Sportverein-1-300x200.jpg 300w\" sizes=\"auto, (max-width: 525px) 100vw, 525px\" \/><br \/>\n\t\t\t\t\t\t\t\t\t\t<img decoding=\"async\" width=\"525\" height=\"255\" src=\"https:\/\/kinderkrippe-knoblauchsland.de\/wp-content\/uploads\/2021\/01\/3.3-Sportverein-4-1024x497.jpg\" alt=\"\" loading=\"lazy\" srcset=\"https:\/\/kinderkrippe-knoblauchsland.de\/wp-content\/uploads\/2021\/01\/3.3-Sportverein-4-1024x497.jpg 1024w, https:\/\/kinderkrippe-knoblauchsland.de\/wp-content\/uploads\/2021\/01\/3.3-Sportverein-4-300x146.jpg 300w, https:\/\/kinderkrippe-knoblauchsland.de\/wp-content\/uploads\/2021\/01\/3.3-Sportverein-4-768x373.jpg 768w, https:\/\/kinderkrippe-knoblauchsland.de\/wp-content\/uploads\/2021\/01\/3.3-Sportverein-4-1536x746.jpg 1536w, https:\/\/kinderkrippe-knoblauchsland.de\/wp-content\/uploads\/2021\/01\/3.3-Sportverein-4.jpg 1600w\" sizes=\"auto, (max-width: 525px) 100vw, 525px\" \/><\/p>\n","protected":false},"excerpt":{"rendered":"<p>Wir befinden uns in Miete im Geb\u00e4ude des SV F\u00fcrth-Poppenreuth e.V., mit dem wir in enger Kooperation stehen.\u00a0 Durch die Mitgliedschaft im Verein (ist im&hellip;<\/p>\n","protected":false},"author":1,"featured_media":0,"parent":12,"menu_order":3,"comment_status":"closed","ping_status":"closed","template":"","meta":{"footnotes":""},"class_list":["post-361","page","type-page","status-publish","hentry"],"_links":{"self":[{"href":"https:\/\/kinderkrippe-knoblauchsland.de\/index.php\/wp-json\/wp\/v2\/pages\/361","targetHints":{"allow":["GET"]}}],"collection":[{"href":"https:\/\/kinderkrippe-knoblauchsland.de\/index.php\/wp-json\/wp\/v2\/pages"}],"about":[{"href":"https:\/\/kinderkrippe-knoblauchsland.de\/index.php\/wp-json\/wp\/v2\/types\/page"}],"author":[{"embeddable":true,"href":"https:\/\/kinderkrippe-knoblauchsland.de\/index.php\/wp-json\/wp\/v2\/users\/1"}],"replies":[{"embeddable":true,"href":"https:\/\/kinderkrippe-knoblauchsland.de\/index.php\/wp-json\/wp\/v2\/comments?post=361"}],"version-history":[{"count":22,"href":"https:\/\/kinderkrippe-knoblauchsland.de\/index.php\/wp-json\/wp\/v2\/pages\/361\/revisions"}],"predecessor-version":[{"id":826,"href":"https:\/\/kinderkrippe-knoblauchsland.de\/index.php\/wp-json\/wp\/v2\/pages\/361\/revisions\/826"}],"up":[{"embeddable":true,"href":"https:\/\/kinderkrippe-knoblauchsland.de\/index.php\/wp-json\/wp\/v2\/pages\/12"}],"wp:attachment":[{"href":"https:\/\/kinderkrippe-knoblauchsland.de\/index.php\/wp-json\/wp\/v2\/media?parent=361"}],"curies":[{"name":"wp","href":"https:\/\/api.w.org\/{rel}","templated":true}]}}