{"id":40,"date":"2021-01-15T14:26:32","date_gmt":"2021-01-15T14:26:32","guid":{"rendered":"https:\/\/kinderkrippe-knoblauchsland.de\/?page_id=40"},"modified":"2025-10-24T04:35:32","modified_gmt":"2025-10-24T04:35:32","slug":"wie-melde-ich-mich-an","status":"publish","type":"page","link":"https:\/\/kinderkrippe-knoblauchsland.de\/index.php\/anmeldung-und-formulare\/wie-melde-ich-mich-an\/","title":{"rendered":"Wie melde ich mich an?"},"content":{"rendered":"<h1><a href=\"https:\/\/kinderkrippe-knoblauchsland.de\/index.php\/anmeldung-und-formulare\/formulare\/\">@<\/a><\/h1>\n<p><a href=\"https:\/\/kinderkrippe-knoblauchsland.de\/index.php\/anmeldung-und-formulare\/formulare\/\">Eine Voranmeldung ist ganzj\u00e4hrig m\u00f6glich und ist f\u00fcr beide Seiten unverbindlich. Sie sollte so fr\u00fch wie m\u00f6glich erfolgen.<\/a><\/p>\n<p>Um eine Voranmeldung in unserer Einrichtung zu t\u00e4tigen, ist es notwendig sich \u00fcber das <span style=\"color: #ff6600;\">Kita-Anmeldeportal Little Bird<\/span> zu registrieren. Wenn Sie\u00a0 unsere Einrichtung favorisieren, m\u00fcssen Sie in dem Portal die <span style=\"color: #ff6600;\">Prio 1<\/span> angeben. Diese Vorranmeldungen werden vorrangig in den Kitas bearbeitet. Sie k\u00f6nnen bis zu 5 Prios in 5 verschiedenen Einrichtungen angeben. Je nachdem in welche Einrichtung Sie vorrangig m\u00f6chten.<\/p>\n<p>Zus\u00e4tzlich d\u00fcrfen Sie eine Anmeldung per E-Mail an Frau Bayer-Tersch schreiben und ein Anmeldeformular von unserer Homepage anh\u00e4ngen oder in den Briefkasten werfen.&#8220;<\/p>\n<p><a href=\"https:\/\/kinderkrippe-knoblauchsland.de\/index.php\/anmeldung-und-formulare\/formulare\/\">Zu den Formularen&#8230;..<\/a><\/p>\n<p>Kontakt: verwaltung [@] Kinderkrippe-knoblauchsland.de<\/p>\n","protected":false},"excerpt":{"rendered":"<p>@ Eine Voranmeldung ist ganzj\u00e4hrig m\u00f6glich und ist f\u00fcr beide Seiten unverbindlich. Sie sollte so fr\u00fch wie m\u00f6glich erfolgen. Um eine Voranmeldung in unserer Einrichtung&hellip;<\/p>\n","protected":false},"author":1,"featured_media":0,"parent":41,"menu_order":1,"comment_status":"closed","ping_status":"closed","template":"","meta":{"footnotes":""},"class_list":["post-40","page","type-page","status-publish","hentry"],"_links":{"self":[{"href":"https:\/\/kinderkrippe-knoblauchsland.de\/index.php\/wp-json\/wp\/v2\/pages\/40","targetHints":{"allow":["GET"]}}],"collection":[{"href":"https:\/\/kinderkrippe-knoblauchsland.de\/index.php\/wp-json\/wp\/v2\/pages"}],"about":[{"href":"https:\/\/kinderkrippe-knoblauchsland.de\/index.php\/wp-json\/wp\/v2\/types\/page"}],"author":[{"embeddable":true,"href":"https:\/\/kinderkrippe-knoblauchsland.de\/index.php\/wp-json\/wp\/v2\/users\/1"}],"replies":[{"embeddable":true,"href":"https:\/\/kinderkrippe-knoblauchsland.de\/index.php\/wp-json\/wp\/v2\/comments?post=40"}],"version-history":[{"count":25,"href":"https:\/\/kinderkrippe-knoblauchsland.de\/index.php\/wp-json\/wp\/v2\/pages\/40\/revisions"}],"predecessor-version":[{"id":1137,"href":"https:\/\/kinderkrippe-knoblauchsland.de\/index.php\/wp-json\/wp\/v2\/pages\/40\/revisions\/1137"}],"up":[{"embeddable":true,"href":"https:\/\/kinderkrippe-knoblauchsland.de\/index.php\/wp-json\/wp\/v2\/pages\/41"}],"wp:attachment":[{"href":"https:\/\/kinderkrippe-knoblauchsland.de\/index.php\/wp-json\/wp\/v2\/media?parent=40"}],"curies":[{"name":"wp","href":"https:\/\/api.w.org\/{rel}","templated":true}]}}