{"id":56,"date":"2021-01-15T14:27:31","date_gmt":"2021-01-15T14:27:31","guid":{"rendered":"https:\/\/kinderkrippe-knoblauchsland.de\/?page_id=56"},"modified":"2021-01-28T19:56:24","modified_gmt":"2021-01-28T19:56:24","slug":"wo-sind-wir","status":"publish","type":"page","link":"https:\/\/kinderkrippe-knoblauchsland.de\/index.php\/kontakt\/wo-sind-wir\/","title":{"rendered":"Wo sind wir?"},"content":{"rendered":"<p><iframe frameborder=\"0\" scrolling=\"no\" marginheight=\"0\" marginwidth=\"0\" src=\"https:\/\/maps.google.com\/maps?q=kreuzsteinweg%2015%20F%C3%BCrth&amp;t=m&amp;z=10&amp;output=embed&amp;iwloc=near\" title=\"kreuzsteinweg 15 F\u00fcrth\" aria-label=\"kreuzsteinweg 15 F\u00fcrth\"><\/iframe><\/p>\n<h2>Mit den \u00f6ffentlichen Verkehrsmittel:<\/h2>\n<p>Sie erreichen uns mit der Buslinie 175. Von der Bushaltestelle Hermannst\u00e4dter Stra\u00dfe sind es ca. 90 m bis zur Krippe.<\/p>\n<h2>Mit dem eigenen PKW:<\/h2>\n<p>Parkpl\u00e4tze vor der Krippe vorhanden.<\/p>\n","protected":false},"excerpt":{"rendered":"<p>Mit den \u00f6ffentlichen Verkehrsmittel: Sie erreichen uns mit der Buslinie 175. Von der Bushaltestelle Hermannst\u00e4dter Stra\u00dfe sind es ca. 90 m bis zur Krippe. Mit&hellip;<\/p>\n","protected":false},"author":1,"featured_media":0,"parent":45,"menu_order":2,"comment_status":"closed","ping_status":"closed","template":"","meta":{"footnotes":""},"class_list":["post-56","page","type-page","status-publish","hentry"],"_links":{"self":[{"href":"https:\/\/kinderkrippe-knoblauchsland.de\/index.php\/wp-json\/wp\/v2\/pages\/56","targetHints":{"allow":["GET"]}}],"collection":[{"href":"https:\/\/kinderkrippe-knoblauchsland.de\/index.php\/wp-json\/wp\/v2\/pages"}],"about":[{"href":"https:\/\/kinderkrippe-knoblauchsland.de\/index.php\/wp-json\/wp\/v2\/types\/page"}],"author":[{"embeddable":true,"href":"https:\/\/kinderkrippe-knoblauchsland.de\/index.php\/wp-json\/wp\/v2\/users\/1"}],"replies":[{"embeddable":true,"href":"https:\/\/kinderkrippe-knoblauchsland.de\/index.php\/wp-json\/wp\/v2\/comments?post=56"}],"version-history":[{"count":26,"href":"https:\/\/kinderkrippe-knoblauchsland.de\/index.php\/wp-json\/wp\/v2\/pages\/56\/revisions"}],"predecessor-version":[{"id":719,"href":"https:\/\/kinderkrippe-knoblauchsland.de\/index.php\/wp-json\/wp\/v2\/pages\/56\/revisions\/719"}],"up":[{"embeddable":true,"href":"https:\/\/kinderkrippe-knoblauchsland.de\/index.php\/wp-json\/wp\/v2\/pages\/45"}],"wp:attachment":[{"href":"https:\/\/kinderkrippe-knoblauchsland.de\/index.php\/wp-json\/wp\/v2\/media?parent=56"}],"curies":[{"name":"wp","href":"https:\/\/api.w.org\/{rel}","templated":true}]}}